mmon factor of 76 and 159988436.
76
Calculate the greatest common divisor of 140 and 30264220.
140
Calculate the highest common divisor of 437002 and 1870.
34
What is the greatest common divisor of 1511 and 467036501?
1511
What is the highest common divisor of 2443925 and 16775?
275
What is the highest common factor of 242 and 1562?
22
Calculate the highest common divisor of 76493908 and 5259.
1753
What is the greatest common divisor of 4677721 and 59956?
1153
What is the highest common factor of 586160 and 65552?
272
What is the greatest common divisor of 92378 and 80509?
143
Calculate the greatest common factor of 372387 and 3939.
303
Calculate the greatest common divisor of 8858395 and 65.
65
What is the highest common divisor of 319 and 19013270?
29
What is the greatest common divisor of 2 and 23062726?
2
Calculate the greatest common divisor of 76941168 and 80.
16
What is the greatest common divisor of 828 and 415457372?
92
Calculate the greatest common divisor of 348 and 2954607.
87
What is the highest common divisor of 143662215 and 2945?
155
Calculate the greatest common divisor of 56182 and 7924.
14
What is the greatest common factor of 1196 and 42910387?
299
What is the greatest common divisor of 16296 and 107115936?
2328
What is the highest common factor of 128148 and 3857892?
708
What is the highest common factor of 112048679 and 2817?
313
Calculate the highest common factor of 379446123 and 63.
21
Calculate the greatest common divisor of 7197166 and 74.
74
Calculate the greatest common divisor of 118 and 3655699.
59
What is the greatest common factor of 5476387 and 1022?
511
What is the highest common divisor of 570 and 1484910?
30
Calculate the highest common factor of 37 and 14485093.
37
What is the greatest common factor of 7772 and 555292?
116
What is the highest common divisor of 436 and 118023238?
218
What is the highest common factor of 12 and 343727700?
12
What is the highest common divisor of 33155892 and 15505?
3101
What is the highest common divisor of 678 and 201555501?
339
Calculate the greatest common divisor of 4123189 and 1526.
7
Calculate the greatest common divisor of 32948 and 212489889.
8237
What is the highest common divisor of 61142302 and 7310?
1462
What is the greatest common divisor of 70040 and 7080?
40
Calculate the highest common factor of 119 and 174964629.
119
What is the greatest common factor of 8 and 147006644?
4
Calculate the greatest common divisor of 22 and 40360815.
11
Calculate the highest common divisor of 29244 and 1168896.
12
What is the greatest common divisor of 22 and 7411162?
22
What is the highest common divisor of 568 and 5618159?
71
Calculate the greatest common divisor of 1127490 and 6240.
390
Calculate the greatest common divisor of 33948 and 398028.
492
What is the highest common divisor of 27 and 10952694?
9
What is the greatest common divisor of 1054992 and 1229406?
4254
Calculate the highest common factor of 92180066 and 3022.
3022
What is the highest common divisor of 8644658 and 33?
11
What is the greatest common divisor of 61614436 and 832?
52
Calculate the greatest common factor of 242673 and 30728.
23
Calculate the greatest common factor of 8693261 and 6956.
1739
What is the highest common factor of 4721005 and 20?
5
What is the highest common divisor of 51691222 and 22?
22
Calculate the highest common factor of 10476 and 951764.
388
What is the highest common divisor of 216 and 9820116?
108
What is the highest common factor of 3050 and 160220?
10
Calculate the greatest common factor of 390846 and 194.
2
Calculate the greatest common factor of 307084616 and 772.
772
What is the highest common factor of 206823 and 11289?
213
What is the greatest common divisor of 211 and 28795170?
211
Calculate the highest common divisor of 4466 and 76809806.
58
Calculate the greatest common divisor of 100554530 and 925.
185
Calculate the greatest common factor of 9858 and 2333742.
186
What is the highest common divisor of 117982730 and 406?
58
Calculate the highest common divisor of 14429088 and 3552.
96
Calculate the highest common factor of 126 and 5935041.
63
Calculate the highest common divisor of 145945 and 4519960.
1445
Calculate the highest common factor of 662268 and 1569108.
2748
What is the greatest common factor of 1150 and 26864000?
1150
Calculate the highest common divisor of 1769 and 118552.
29
Calculate the greatest common divisor of 5928 and 1055431.
247
What is the highest common divisor of 12524 and 201004?
124
Calculate the highest common factor of 9205 and 13765420.
1315
What is the highest common divisor of 9 and 43992534?
3
Calculate the highest common divisor of 1502 and 73164673.
751
Calculate the highest common factor of 9566100 and 4212.
324
Calculate the greatest common factor of 1240015 and 101885.
2485
Calculate the highest common factor of 394 and 137969344.
394
Calculate the highest common divisor of 69142 and 489533.
191
Calculate the greatest common factor of 282304 and 16288.
32
Calculate the greatest common factor of 7585 and 2580010.
185
Calculate the greatest common factor of 1497 and 303052181.
499
What is the highest common divisor of 2433488 and 1568?
16
What is the highest common factor of 66 and 5226066?
6
What is the highest common factor of 5199651 and 177?
3
What is the highest common factor of 126 and 16422462?
126
What is the greatest common factor of 15624 and 2432953656?
15624
What is the greatest common factor of 6072 and 2001092?
92
What is the highest common factor of 91 and 42107149?
7
What is the greatest common divisor of 30 and 4625255?
5
Calculate the highest common divisor of 834 and 91300065.
417
Calculate the highest common divisor of 6 and 14863438.
2
Calculate the greatest common factor of 1471615 and 245195.
445
Calculate the highest common divisor of 704447090 and 284.
142
What is the greatest common factor of 1284 and 8699421?
321
Calculate the greatest common factor of 630695 and 2635.
155
What is the highest common divisor of 23295 and 30?
15
What is the greatest common factor of 40770 and 496488?
906
What is the highest common divisor of 47724 and 1387100?
388
Calculate the greatest common divisor of 696790 and 546930.
590
Calculate the greatest common divisor of 12118 and 368504.
146
What is the greatest common divisor of 1287716 and 884?
68
What is the highest common divisor of 14413025 and 15895?
935
What is the greatest common divisor of 20714 and 117?
1
Calculate the greatest common factor of 11871864 and 82176.
2568
Calculate the highest common factor of 3827670 and 97020.
2310
What is the greatest common divisor of 50973187 and 7712?
241
What is the highest common divisor of 33163 and 28701301?
2551
Calculate the highest common factor of 615230195 and 565.
565
Calculate the highest common divisor of 2106 and 346138.
26
What is the highest common divisor of 11877679 and 28424?
3553
Calculate the highest common divisor of 139598424 and 272.
136
Calculate the greatest common factor of 4016 and 8885584.
16
Calculate the greatest common divisor of 70 and 98555205.
35
What is the highest common factor of 2242440 and 15732?
36
Calculate the highest common divisor of 13 and 186043741.
13
Calculate the greatest common factor of 601807472 and 48.
16
Calculate the highest common divisor of 3528 and 1996554.
294
What is the highest common divisor of 1152 and 843648?
384
Calculate the highest common factor of 14099388 and 288.
12
What is the greatest common divisor of 337805 and 254735?
65
Calculate the greatest common factor of 537340 and 716.
4
What is the highest common factor of 63 and 6652317?
21
Calculate the highest common factor of 12498843 and 1701.
21
Calculate the greatest common divisor of 34390 and 48070.
190
What is the greatest common factor of 141 and 35105663?
47
What is the highest common factor of 14604 and 191364?
12
What is the highest common divisor of 5139 and 1796937?
1713
What is the highest common divisor of 831879 and 2187?
9
What is the highest common divisor of 2494 and 661400071?
1247
What is the highest common divisor of 479610 and 1172088?
1314
Calculate the greatest common divisor of 31034031 and 84.
21
What is the greatest common divisor of 170081428 and 824?
412
What is the highest common 